{"id":364,"date":"2014-11-04T12:28:54","date_gmt":"2014-11-04T10:28:54","guid":{"rendered":"http:\/\/localhost\/wordpress\/?page_id=364"},"modified":"2015-03-11T19:48:13","modified_gmt":"2015-03-11T18:48:13","slug":"larea-e-la-zonizzazione","status":"publish","type":"page","link":"https:\/\/www.terrebiosfera.org\/?page_id=364","title":{"rendered":"L\u2018area e la zonizzazione"},"content":{"rendered":"<p>L\u2019areale della Riserva della Biosfera \u00e8 suddiviso nelle seguenti tre zone:<br \/>\n<strong><strong>Z<\/strong>ona centrale<\/strong> (<em>core area<\/em>), <strong><strong>Z<\/strong>ona cuscinetto<\/strong> (<em>buffer area<\/em>) e <strong>Zona di transizione<\/strong> (<em>transition area<\/em>)<\/p>\n<div id=\"attachment_523\" style=\"width: 757px\" class=\"wp-caption aligncenter\"><img loading=\"lazy\" decoding=\"async\" aria-describedby=\"caption-attachment-523\" class=\"wp-image-523 size-full\" src=\"http:\/\/www.terrebiosfera.org\/wp-content\/uploads\/2014\/11\/Zona-riserva-biosfera-proposta-Sicilia-UNESCO-klein.jpg\" alt=\"Zona-riserva-biosfera-proposta-Sicilia-UNESCO\" width=\"747\" height=\"750\" srcset=\"https:\/\/www.terrebiosfera.org\/wp-content\/uploads\/2014\/11\/Zona-riserva-biosfera-proposta-Sicilia-UNESCO-klein.jpg 747w, https:\/\/www.terrebiosfera.org\/wp-content\/uploads\/2014\/11\/Zona-riserva-biosfera-proposta-Sicilia-UNESCO-klein-150x150.jpg 150w, https:\/\/www.terrebiosfera.org\/wp-content\/uploads\/2014\/11\/Zona-riserva-biosfera-proposta-Sicilia-UNESCO-klein-300x300.jpg 300w, https:\/\/www.terrebiosfera.org\/wp-content\/uploads\/2014\/11\/Zona-riserva-biosfera-proposta-Sicilia-UNESCO-klein-50x50.jpg 50w\" sizes=\"(max-width: 747px) 100vw, 747px\" \/><p id=\"caption-attachment-523\" class=\"wp-caption-text\">Zona proposta della Riserva della Biosfera della Sicilia orientale<\/p><\/div>\n<table>\n<tbody>\n<tr>\n<td style=\"text-align: center;\" width=\"127\"><strong>La zona centrale<\/strong><\/td>\n<td width=\"27\"><\/td>\n<td width=\"127\">\n<p style=\"text-align: center;\"><strong>La zona cuscinetto<\/strong><\/p>\n<\/td>\n<td width=\"27\"><\/td>\n<td style=\"text-align: center;\" width=\"127\"><strong>La zona di transizione<\/strong><\/td>\n<\/tr>\n<tr>\n<td width=\"127\"><img loading=\"lazy\" decoding=\"async\" class=\"aligncenter size-full wp-image-466\" src=\"http:\/\/www.terrebiosfera.org\/wp-content\/uploads\/2014\/11\/Giacche-Marroni.png\" alt=\"Giacche Marroni\" width=\"175\" height=\"15\" \/><\/td>\n<td width=\"27\"><\/td>\n<td width=\"127\"><img loading=\"lazy\" decoding=\"async\" class=\"aligncenter size-full wp-image-467\" src=\"http:\/\/www.terrebiosfera.org\/wp-content\/uploads\/2014\/11\/Giacche-Verdi.png\" alt=\"Giacche Verdi\" width=\"175\" height=\"15\" \/><\/td>\n<td width=\"27\"><\/td>\n<td width=\"127\"><img loading=\"lazy\" decoding=\"async\" class=\"aligncenter size-full wp-image-464\" src=\"http:\/\/www.terrebiosfera.org\/wp-content\/uploads\/2014\/11\/Giacche-Azzurre.png\" alt=\"Giacche Azzurre\" width=\"175\" height=\"15\" \/><\/td>\n<\/tr>\n<tr>\n<td style=\"vertical-align: top;\">\n<p style=\"text-align: justify;\">\u00c8 l\u2019area di pi\u00f9 alto valore naturalistico, dove la natura \u00e8 protetta. Nell\u2019area prescelta della proposta in oggetto, la zona centrale potrebbe includere i Parchi e le Riserve naturali gi\u00e0 presenti sul territorio (Alcantara, Forre laviche del Simeto e Fiumefreddo), insieme ai siti di Rete Natura 2000 (aree SIC e ZPS).<\/p>\n<\/td>\n<td width=\"27\"><\/td>\n<td style=\"vertical-align: top;\">\n<p style=\"text-align: justify;\">Circonda la zona centrale e costituisce insieme ad essa almeno il 20% della superficie totale della riserva proposta. Questa zona serve al mantenimento e alla cura di ecosistemi che sono stati influenzati o soggetti ad utilizzo da parte dell\u2018uomo. Implica il mantenimento di un paesaggio antropizzato ed utilizzato estensivamente, che ospiti un largo spettro di Habitat per diverse<br \/>\nspecie di piante ed animali.<\/td>\n<td width=\"27\"><\/td>\n<td style=\"vertical-align: top;\">\n<p style=\"text-align: justify;\">Che \u00e8 la pi\u00f9 esterna, nella quale si sviluppano e applicano i concetti generali della riserva riguardo sostenibilit\u00e0 e utilizzo sostenibile del territorio, riguardo soprattutto alla lotta ai cambiamenti climatici. Attraverso sistemi di sviluppo tradizionali e sostenibili, si persegue un benessere per la popolazione locale e un riconoscimento alla regione che, di conseguenza, verr\u00e0 valorizzata come modello da imitare all\u2018interno della Rete Mondiale delle Riserve della Biosfera UNESCO.<br \/>\n&nbsp;<\/td>\n<\/tr>\n<tr>\n<td style=\"vertical-align: top;\">\n<p style=\"text-align: justify;\">Azioni previste:<\/p>\n<ul>\n<li>Conservazione di luoghi ad alta naturalit\u00e0 e di Habitat naturali non utilizzati dall\u2018uomo<\/li>\n<li>Protezione di specie vegetali ed animali rare ed endemiche<\/li>\n<li>Ricerca e monitoraggio<\/li>\n<\/ul>\n<\/td>\n<td width=\"27\"><\/td>\n<td style=\"vertical-align: top;\">\n<p style=\"text-align: justify;\">Azioni previste:<\/p>\n<ul>\n<li>Creazione di corridoi ecologici<\/li>\n<li>Supporto per sistemi di sfruttamento sostenibili delle foreste<\/li>\n<li>Conservazione della struttura agricola frammentata, supporto per l\u2018agricoltura ecologica<\/li>\n<li>Promozione dei prodotti tipici locali<\/li>\n<li>Formazione e aggiornamento sull\u2018uso sostenibile del territorio e valorizzazione delle tradizioni locali<\/li>\n<\/ul>\n<\/td>\n<td width=\"27\"><\/td>\n<td style=\"vertical-align: top;\">\n<p style=\"text-align: justify;\">Azioni previste:<\/p>\n<ul>\n<li>Valorizzazione turistica dell\u2018area, attraverso informazione e pubblicit\u00e0 e attraverso l\u2018organizzazione e l\u2018interconnessione dell\u2018offerta turistica<\/li>\n<li>Miglioramento delle infrastrutture per il trasporto locale<\/li>\n<li>Creazione di un marchio per i prodotti provenienti dalla Riserva della Biosfera<\/li>\n<li>Promozione dell\u2018artigianato e delle tradizioni locali<\/li>\n<li>Educazione ambientale ed eventi pubblici<\/li>\n<\/ul>\n<\/td>\n<\/tr>\n<\/tbody>\n<\/table>\n","protected":false},"excerpt":{"rendered":"<p>L\u2019areale della Riserva della Biosfera \u00e8 suddiviso nelle seguenti tre zone: Zona centrale (core area), Zona cuscinetto (buffer area) e Zona di transizione (transition area) La zona centrale La zona cuscinetto La zona di transizione \u00c8 l\u2019area di pi\u00f9 alto valore naturalistico, dove la natura \u00e8 protetta. Nell\u2019area prescelta della proposta in oggetto, la zona [&hellip;]<\/p>\n","protected":false},"author":4,"featured_media":0,"parent":2,"menu_order":0,"comment_status":"closed","ping_status":"closed","template":"","meta":{"ngg_post_thumbnail":0,"footnotes":""},"_links":{"self":[{"href":"https:\/\/www.terrebiosfera.org\/index.php?rest_route=\/wp\/v2\/pages\/364"}],"collection":[{"href":"https:\/\/www.terrebiosfera.org\/index.php?rest_route=\/wp\/v2\/pages"}],"about":[{"href":"https:\/\/www.terrebiosfera.org\/index.php?rest_route=\/wp\/v2\/types\/page"}],"author":[{"embeddable":true,"href":"https:\/\/www.terrebiosfera.org\/index.php?rest_route=\/wp\/v2\/users\/4"}],"replies":[{"embeddable":true,"href":"https:\/\/www.terrebiosfera.org\/index.php?rest_route=%2Fwp%2Fv2%2Fcomments&post=364"}],"version-history":[{"count":31,"href":"https:\/\/www.terrebiosfera.org\/index.php?rest_route=\/wp\/v2\/pages\/364\/revisions"}],"predecessor-version":[{"id":641,"href":"https:\/\/www.terrebiosfera.org\/index.php?rest_route=\/wp\/v2\/pages\/364\/revisions\/641"}],"up":[{"embeddable":true,"href":"https:\/\/www.terrebiosfera.org\/index.php?rest_route=\/wp\/v2\/pages\/2"}],"wp:attachment":[{"href":"https:\/\/www.terrebiosfera.org\/index.php?rest_route=%2Fwp%2Fv2%2Fmedia&parent=364"}],"curies":[{"name":"wp","href":"https:\/\/api.w.org\/{rel}","templated":true}]}}